ue
Does 43 divide 559?
True
Is 164 a multiple of 3?
False
Is 15 a factor of 450?
True
Is 280 a multiple of 56?
True
Is 150 a multiple of 30?
True
Is 60 a factor of 392?
False
Is 7 a factor of 68?
False
Is 35428 a multiple of 34?
True
Is 1073 a multiple of 29?
True
Is 104 a multiple of 13?
True
Does 33 divide 396?
True
Is 756 a multiple of 119?
False
Is 3030 a multiple of 15?
True
Is 9030 a multiple of 10?
True
Is 10639 a multiple of 63?
False
Is 564 a multiple of 8?
False
Is 111 a factor of 9491?
False
Is 42 a factor of 8304?
False
Does 32 divide 27040?
True
Is 110 a factor of 4092?
False
Does 87 divide 20619?
True
Does 22 divide 7424?
False
Does 24 divide 5434?
False
Does 56 divide 18144?
True
Is 58711 a multiple of 40?
False
Is 46 a factor of 2208?
True
Is 8 a factor of 283?
False
Does 16 divide 68160?
True
Is 33 a factor of 330?
True
Does 8 divide 136?
True
Is 327 a multiple of 18?
False
Does 61 divide 34526?
True
Does 27 divide 28563?
False
Does 71 divide 129732?
False
Is 556 a multiple of 2?
True
Does 11 divide 2777?
False
Does 44 divide 262?
False
Does 10 divide 910?
True
Is 76 a factor of 40052?
True
Does 5 divide 4541?
False
Does 138 divide 3726?
True
Is 1876 a multiple of 28?
True
Is 13543 a multiple of 133?
False
Is 40 a factor of 3000?
True
Does 80 divide 6320?
True
Is 27895 a multiple of 11?
False
Does 25 divide 16741?
False
Does 115 divide 10104?
False
Does 40 divide 1040?
True
Is 6 a factor of 1890?
True
Is 18862 a multiple of 25?
False
Is 15 a factor of 390?
True
Is 10681 a multiple of 34?
False
Is 63 a factor of 819?
True
Is 9 a factor of 40770?
True
Is 400 a multiple of 5?
True
Is 101 a factor of 26643?
False
Does 33 divide 1287?
True
Is 8 a factor of 374?
False
Is 57 a factor of 446?
False
Does 8 divide 2080?
True
Is 7 a factor of 249?
False
Does 73 divide 30907?
False
Does 40 divide 11160?
True
Is 70420 a multiple of 140?
True
Is 39 a factor of 561?
False
Does 30 divide 120?
True
Is 9075 a multiple of 121?
True
Does 40 divide 1252?
False
Does 161 divide 50071?
True
Is 8 a multiple of 4?
True
Is 1870 a multiple of 85?
True
Is 63 a factor of 6927?
False
Is 13 a factor of 1678?
False
Does 86 divide 81700?
True
Is 21 a factor of 736?
False
Is 2898 a multiple of 30?
False
Does 12 divide 36748?
False
Does 22 divide 1684?
False
Is 1155 a multiple of 3?
True
Is 188 a factor of 940?
True
Is 41 a factor of 1722?
True
Does 9 divide 11663?
False
Is 60 a multiple of 10?
True
Does 5 divide 5?
True
Does 6 divide 293?
False
Is 5979 a multiple of 3?
True
Is 3988 a multiple of 65?
False
Is 28 a factor of 252?
True
Does 4 divide 14908?
True
Is 12 a factor of 50310?
False
Is 10 a factor of 580?
True
Does 11 divide 74199?
False
Is 12515 a multiple of 12?
False
Is 6 a factor of 524?
False
Is 742 a multiple of 8?
False
Does 5 divide 200?
True
Does 16 divide 2147?
False
Does 21 divide 79968?
True
Is 19425 a multiple of 21?
True
Is 13 a factor of 19435?
True
Does 278 divide 36031?
False
Is 18 a factor of 62424?
True
Is 792 a multiple of 36?
True
Is 86 a factor of 26806?
False
Is 859 a multiple of 19?
False
Is 72800 a multiple of 325?
True
Does 28 divide 4619?
False
Does 193 divide 20844?
True
Does 17 divide 2260?
False
Is 22 a factor of 35486?
True
Is 10 a factor of 14?
False
Does 23 divide 440?
False
Is 65 a multiple of 5?
True
Does 25 divide 11075?
True
Does 272 divide 1920?
False
Does 2 divide 254?
True
Is 10 a factor of 6320?
True
Is 854 a multiple of 7?
True
Does 14 divide 266?
True
Does 15 divide 6026?
False
Does 25 divide 200?
True
Is 34 a factor of 570?
False
Does 9 divide 9953?
False
Is 24 a factor of 14136?
True
Is 82 a multiple of 4?
False
Does 9 divide 16058?
False
Does 10 divide 22835?
False
Is 16 a factor of 7747?
False
Does 18 divide 41688?
True
Does 8 divide 2394?
False
Is 1422 a multiple of 9?
True
Is 21 a factor of 1621?
False
Is 1908 a multiple of 12?
True
Does 2 divide 143?
False
Does 55 divide 192?
False
Is 1653 a multiple of 19?
True
Is 3 a factor of 357?
True
Does 25 divide 596?
False
Is 19764 a multiple of 18?
True
Is 1017 a multiple of 9?
True
Is 25 a factor of 525?
True
Is 2 a factor of 1030?
True
Is 58 a factor of 53664?
False
Is 2984 a multiple of 3?
False
Does 42 divide 115416?
True
Is 97 a factor of 7594?
False
Does 16 divide 35378?
False
Is 39 a factor of 1359?
False
Does 32 divide 1536?
True
Is 5403 a multiple of 3?
True
Is 1404 a multiple of 12?
True
Is 3 a factor of 12528?
True
Is 1254 a multiple of 14?
False
Is 8 a factor of 626?
False
Is 48 a factor of 1056?
True
Does 18 divide 4950?
True
Is 45738 a multiple of 363?
True
Is 40 a factor of 876?
False
Does 93 divide 18090?
False
Is 9 a factor of 1498?
False
Is 43 a factor of 3268?
True
Does 34 divide 72318?
True
Is 27 a factor of 67223?
False
Does 66 divide 1241?
False
Is 10810 a multiple of 46?
True
Is 125 a factor of 36750?
True
Is 13 a factor of 857?
False
Is 3555 a multiple of 15?
True
Is 7093 a multiple of 181?
False
Is 41 a factor of 20188?
False
Is 61 a factor of 10614?
True
Is 3 a factor of 166?
False
Does 87 divide 10266?
True
Is 146 a multiple of 6?
False
Does 26 divide 1248?
True
Does 7 divide 1317?
False
Is 20540 a multiple of 26?
True
Is 20 a factor of 46360?
True
Does 43 divide 2795?
True
Does 6 divide 263?
False
Is 107 a multiple of 20?
False
Does 21 divide 2709?
True
Is 15 a factor of 12704?
False
Is 1620 a multiple of 15?
True
Is 129234 a multiple of 35?
False
Is 1439 a multiple of 73?
False
Is 19 a factor of 596?
False
Does 26 divide 720?
False
Is 375 a multiple of 11?
False
Is 226 a multiple of 52?
False
Is 21 a factor of 471?
False
Does 55 divide 1815?
True
Is 22 a factor of 1579?
False
Does 41 divide 27967?
False
Is 168 a factor of 7560?
True
Is 43980 a multiple of 12?
True
Is 1615 a multiple of 85?
True
Is 2790 a multiple of 45?
True
Is 7 a factor of 2921?
False
Does 38 divide 623?
False
Is 525 a multiple of 35?
True
Is 195 a multiple of 15?
True
Is 10 a factor of 190?
True
Is 23185 a multiple of 17?
False
Is 10670 a multiple of 102?
False
Does 38 divide 2169?
False
Is 6 a factor of 11406?
True
Is 48 a factor of 2976?
True
Is 14594 a multiple of 153?
False
Is 103980 a multiple of 10?
True
Does 272 divide 79227?
False
Is 12 a factor of 72?
True
Is 22 a factor of 297?
False
Does 14 divide 25069?
False
Does 35 divide 20887?
False
Is 8407 a multiple of 94?
False
Is 16 a factor of 15514?
False
Does 203 divide 22533?
True
Is 9 a factor of 397?
False
Is 96 a factor of 32832?
True
Does 48 divide 8072?
False
Does 9 divide 31869?
True
Is 5793 a multiple of 13?
False
Is 5 a factor of 55?
True
Is 265 a factor of 13639?
False
Is 976 a multiple of 16?
True
Is 9352 a multiple of 2?
True
Is 6 a factor of 3045?
False
Is 638 a multiple of 11?
True
Is 161920 a multiple of 22?
True
Does 5 divide 267?
False
Does 66 divide 11744?
False
Does 101 divide 1688?
False
Does 28 divide 1264?
False
Does 40 divide 639?
False
Does 10 divide 470?
True
Is 28350 a multiple of 18?
True
Is 87575 a multiple of 25?
True
Does 65 divide 910?
True
Is 13167 a multiple of 21?
True
Does 206 divide 824?
True
Does 27 divide 405?
True
Does 15 divide 1876?
False
Is 16 a multiple of 12?
False
Is 25 a factor of 550?
True
Is 56292 a multiple of 40?
False
Does 191 divide 42805?
False
Is 69 a factor of 18775?
False
Is 1517 a multiple of 13?
False
Is 46 a factor of 16146?
True
Does 21 divide 45323?
False
Is 4 a factor of 88?
True
Is 7 a factor of 455?
True
Does 23 divide 3370?
False
Is 19 a factor of 3709?
False
Does 14 divide 51686?
False
Is 242 a multiple of 9?
False
Does 53 divide 848?
True
Is 1255 a multiple of 5?
True
Does 2 divide 3744?
True
Is 3180 a multiple of 60?
True
Is 10 a factor of 52270?
True
Does 10 divide 3011?
False
Does 9 divide 293?
False
Is 269 a factor of 12405?
False
Does 65 divide 2600?
True
Does 31 divide 1426?
True
Does 5 divide 1156?
False
Is 2 a factor of 135?
False
Is 34 a factor of 7310?
True
Is 8257 a multiple of 78?
False
Is 12 a factor of 11322?
False
Is 11 a factor of 380?
False
Is 487 a multiple of 14?
False
Is 21 a factor of 4197?
False
Is 25 a factor of 8127?
False
Is 176 a multiple of 7?
False
Is 110 a multiple of 11?
True
Does 37 divide 15392?
True
Does 26 divide 15548?
True
Is 1760 a multiple of 16?
True
Does 15 divide 884?
False
Is 10029 a multiple of 6?